ighest common factor of p and 180?
12
Let k = 3304 + -3124. Let o be -3*10/9*-30. Calculate the highest common divisor of o and k.
20
Let t = 130 - 40. Suppose -3*p + t = 2*p. Let z(b) = 314*b - 2440. Let k be z(8). What is the highest common factor of k and p?
18
Let n be 0/(((-2)/(-8))/(1/4)). Suppose 0*o + 7*o - 455 = n. Let d = 20 + -7. Calculate the greatest common factor of d and o.
13
Let k(o) = 14*o**2 - 46*o - 188. Let t be k(-4). Calculate the greatest common divisor of t and 462.
22
Suppose -13*p + 8*p = -295. Let s = p + -12. Let r = 112 - s. What is the highest common divisor of 13 and r?
13
Suppose d + 19 = m + 5, -m = -2*d - 17. What is the highest common factor of 4730 and m?
11
Let f = 153 + -143. Let x be -3 - 4*(-55)/f. What is the greatest common divisor of 323 and x?
19
Let s = 3 - -90. Suppose -b - 3*j + 42 = 0, 3*b + s = 7*b - 3*j. Suppose 6*d + 9 = 7*d. Calculate the greatest common divisor of b and d.
9
Let z = 4 - -8. Suppose 0 = -5*u + 3*u + 5*f + 36, 0 = 3*f + z. What is the greatest common divisor of u and 24?
8
Suppose -4*w = 3*s - 24, -49*s + 46*s + 3*w = -45. Let b(q) = -q**2 + 16*q - 21. Let p be b(s). Calculate the greatest common factor of p and 189.
27
Let q = 2 + -1. Suppose 796*w - 808*w = -3792. Let f be (-2)/(-3) - (w/(-12) + q). Calculate the highest common divisor of 208 and f.
26
Let o(g) = 7*g + 20. Let q be o(0). Let a be 115/q + -5 - 616/(-32). Calculate the highest common factor of 16 and a.
4
Let q = 1374 - 1325. Calculate the greatest common factor of 4704 and q.
49
Let y(s) = 133*s + 1127. Let c be y(-8). Calculate the highest common factor of 576 and c.
9
Suppose 3*c + 7*b - 14807 = 11*b, 0 = -2*c - 8*b + 9786. What is the greatest common factor of c and 1182?
197
Let z = 1000 + -792. Let d = 88 + -62. Calculate the highest common divisor of z and d.
26
Suppose 4*m + b + 33 + 17 = 0, 6 = -m + 3*b. Let w be (m + 0)*253/22*-2. Calculate the greatest common factor of 12 and w.
12
Let h = 21 - 20. Let p(b) = 2*b - 18. Let m be p(14). Suppose 70*d = 68*d + m. Calculate the highest common divisor of d and h.
1
Let k(u) be the second derivative of -11*u**3/6 + 33*u**2/2 - 358*u. Let j be k(-1). Let x be (0 - -1) + 395*1. What is the greatest common factor of x and j?
44
Suppose 0 = 36*h - 3*h - 3663. What is the greatest common divisor of h and 5957?
37
Suppose 0 = -2*i + 4*a + 1622, 0 = 5*i - 4*a + 2182 - 6213. Calculate the greatest common divisor of i and 11.
11
Let k be 37/3 + (-1)/3. Let g be (-18)/3*2/(-12). Let f be 0/g + 48/16. What is the highest common divisor of k and f?
3
Let u = 4683 - 3638. Calculate the greatest common divisor of u and 95.
95
Suppose 64*k - 125*k + 14500 = -11*k. What is the highest common factor of 522 and k?
58
Let v be 2*(-36*20/(-45) + -2*1). Let o = 130 - 67. Calculate the highest common factor of v and o.
7
Suppose 344 - 4420 = -225*h + 649. What is the highest common factor of 31353 and h?
21
Let u(i) = -14*i**3 + 76*i**2 + 34*i - 19. Let t be u(5). What is the highest common divisor of 28 and t?
7
Let x(f) = 44*f**2 + 7*f - 2. Let u be x(2). Suppose u*z - 187*z = 266. Let i = z + -158. Calculate the highest common divisor of 12 and i.
12
Suppose 13*s + 207 = -10*s. Let a be 153 - (-5 - (s + 5)). What is the greatest common divisor of 132 and a?
22
Let t(l) = 0 - 2*l - 3*l + l - 2. Let s be t(2). Let u be 84/s*((-210)/9)/7. Calculate the greatest common divisor of 196 and u.
28
Suppose -19*u + 52*u + 146 = 13214. What is the highest common factor of u and 1089?
99
Suppose -22*s + 5*s = 5*s - 1980. Calculate the greatest common divisor of 7470 and s.
90
Let y(f) = f**3 + 12*f**2 - 6*f + 28. Let n be y(-15). Let s = 565 + n. Calculate the highest common factor of s and 104.
8
Suppose -3109 = -4*i - 9*w, -775 = 23*i - 24*i - 3*w. What is the greatest common factor of 144 and i?
16
Suppose 8*a - 1999 = -327. Suppose -a = -2*w + g, w + 310 = 4*w - 5*g. What is the highest common factor of w and 135?
15
Suppose -2*p + 0*b - b = -14, 2*p = 2*b + 26. Suppose 2*o - 4*y = 286, -y = -5*o + 328 + 351. Calculate the greatest common factor of p and o.
9
Suppose 17*i - 22*i = 30, -i = -5*n + 16. Let g(c) = -c**2 + 7*c - 7. Let v be g(5). Suppose -5 = -v*o + 7. What is the highest common divisor of o and n?
2
Let g(h) = -h**3 + h**2 + 5*h + 6. Let i be g(-2). Suppose -2*m - i = 0, 5*m - 987 - 13 = -4*d. What is the highest common divisor of 15 and d?
15
Let r = -15528 + 16568. Calculate the greatest common factor of 340 and r.
20
Suppose 3*h + 15 = t, 4*t = 26*h - 30*h + 12. Calculate the highest common divisor of 321 and t.
3
Suppose 96 = -71*a + 72*a. Let x = 231 - a. Let r be 18/(8/(-3) + 3). Calculate the greatest common factor of r and x.
27
Let f be (-2)/8*((8 - 4) + -10472). Let q = 4667 - f. What is the highest common factor of 82 and q?
82
Let n(o) = -3*o + 17. Let m be n(5). Suppose 4*i = m*k - 216 - 56, -132 = -k + 3*i. What is the highest common factor of 108 and k?
36
Suppose -5*o + 4*c = -9 - 6, o - 4*c = 3. Suppose -o*p = 9*p - 360. Let a = 94 - 49. Calculate the highest common factor of p and a.
15
Let k(g) = 14*g + 2. Let f be k(3). Let j be -6*(-6)/(-9) + 15. What is the greatest common factor of j and f?
11
Suppose -x + 0*x = -4. Suppose -638 = 8*m - 422. Let r be (-330)/m + (-12)/54 + 0. Calculate the greatest common factor of x and r.
4
Let n = -144 - 98. Let w = -226 - n. What is the greatest common factor of w and 200?
8
Suppose -3*h - 5*r = h - 82, 4*r = -h + 26. Let y = 123 - h. Let u = 81 - 39. What is the highest common divisor of u and y?
21
Let a be 43 - (18 + 9 - 1). Let m = -1 + 7. Let f be 3/(-1) + (m - -150). What is the highest common divisor of f and a?
17
Let v be (60/(-15))/((-1)/2). Suppose 2*w = -2*s + v, 9*w - 14*w = -3*s + 28. Calculate the greatest common divisor of s and 192.
6
Let n be (-111)/(-6) - (-2)/4. Let r be 58/(-783) + 4619/27. What is the greatest common divisor of n and r?
19
Let y = -40 + 33. Let f = 2 - y. Suppose 4*a + q - 27 = -0*a, 0 = 2*a + 5*q - 27. What is the highest common factor of f and a?
3
Let u be 3/((-3)/(-6127)) + -8. What is the greatest common factor of 29 and u?
29
Suppose -2*n + 3240 = -54*z + 51*z, -4893 = -3*n - z. What is the highest common divisor of n and 9?
9
Let j be 4/(32/4) - (426/(-12) - -7). What is the highest common factor of j and 27869?
29
Let q be -18*(-11)/(33/8). Suppose 3*k - 5 = 19. Suppose -h = -k - 4. Calculate the highest common factor of h and q.
12
Let d = 992 + -586. Suppose -5*i - 3*q = -2*i - 1173, 2*q + d = i. Calculate the greatest common factor of i and 88.
44
Let s(p) = 3 + 7*p**2 - 2*p**2 + 5*p**2 + 3*p**2 + 2*p. Suppose -11 = 5*h - 6. Let r be s(h). Calculate the greatest common divisor of r and 56.
14
Let x(a) = 677*a - 288. Let w be x(6). What is the highest common factor of 204 and w?
102
Let k = 2783 + -420. Calculate the highest common divisor of k and 34.
17
Let g(v) = -3*v**3 - 10*v**2 + 60*v + 466. Let t be g(-7). What is the highest common factor of 990 and t?
45
Let u be (1*6)/(7/63). Let p = -291 - -398. Suppose -3*n + p = -1. Calculate the greatest common factor of u and n.
18
Let j be 56 - (4 + -2) - (20 - 18). What is the greatest common divisor of j and 18148?
52
Let a be 15886 + -23 + 15/(-3). What is the highest common divisor of a and 54?
18
Let u(k) = -21*k + 4. Let v be u(-6). Suppose 6*i + 0*i = 18. Suppose -i*n = 3*h + 10 - 100, -h = 4*n - 42. Calculate the highest common divisor of v and h.
26
Let a(q) = 17*q**2 - 487*q + 3530. Let k be a(13). Suppose 12 = -4*u, -6*j = -5*j - 5*u - 207. Calculate the highest common divisor of k and j.
24
Suppose 0 = -3*s, -w + 123 = 4*s - 3*s. What is the highest common divisor of 3936 and w?
123
Let m = -103 - -100. Let l be (8/((-48)/30))/(m/3). Let b be 14/7 + -1 + l. Calculate the greatest common divisor of 30 and b.
6
Let v(t) = -3*t**3 + 4*t**2 - 8*t - 4. Let s be v(5). Let l = s + 331. Calculate the greatest common factor of 864 and l.
12
Let b(m) be the third derivative of m**6/120 - 13*m**5/60 - 5*m**4/6 + 10*m**3 - 60*m**2 - 1. Let a be b(15). Calculate the greatest common factor of a and 42.
42
Suppose -5*g = 5*i + 5 + 10, 0 = 3*g - 4*i - 26. Let u be (g/(-5))/((-8)/120). What is the greatest commo